isor of j and s?
17
Suppose 8*u + 1176 = 29*u. Calculate the greatest common divisor of u and 432.
8
Let p = -140 - -113. Let f = -8 - p. What is the highest common divisor of 209 and f?
19
Suppose -2*a = -0*a - 36. Let b = 288 + -683. Let z = b - -467. Calculate the highest common factor of z and a.
18
Let k be (-352)/(-6) - (-9)/27. Let z = 506 - 447. What is the highest common factor of z and k?
59
Suppose -6*a - 6 = -8*a. Suppose -a*y + 165 = -375. What is the highest common factor of 18 and y?
18
Suppose -2*u + a = -7436, 2186 = -u - a + 5904. Suppose -w - u = -23*w. What is the highest common factor of w and 13?
13
Let g(t) = 26*t**2 + 73*t - 514. Let r be g(6). Calculate the greatest common divisor of 80 and r.
20
Let j be (-22 + 23 + -195)*-4. What is the greatest common factor of j and 28?
4
Suppose -21*g - 86 = -2*b - 26*g, 248 = 5*b - 4*g. Let x(p) = p**2 + 9*p + 6. Let s be x(-9). What is the highest common factor of b and s?
6
Suppose -84 = -23*h + 27*h. Let f = 155 - h. What is the greatest common factor of 16 and f?
16
Suppose -5*p + 4109 = -12*p. Let w = -290 - p. Calculate the highest common divisor of 27 and w.
27
Suppose 337*t = 340*t + 5*w - 172, w = -3*t + 140. Suppose 2*n + 3*a = 78, 0 = 2*a - 8. What is the highest common divisor of t and n?
11
Let r be 19/(-8 - 2509/(-312)). What is the greatest common factor of 2850 and r?
114
Let y(j) = -j**3 + j**2 + 18. Let i be y(0). Let h be (-3)/(-2)*(-1344)/(-14). Calculate the greatest common factor of i and h.
18
Suppose 325*v = 395*v - 131950. Calculate the highest common factor of v and 715.
65
Suppose o - j = -4*j + 83, -5*j + 165 = 2*o. Calculate the greatest common factor of o and 335.
5
Let k(b) = 223*b + 690. Let q be k(6). Calculate the greatest common factor of 2197 and q.
169
Let m be 30/(-12)*(-8)/10. Suppose -3*c = 9, -10 - 4 = -4*w - m*c. Let x = -3 + 4. What is the highest common factor of x and w?
1
Suppose -5*j - 19 = -39. Suppose 3*k = 2*o + 491, -j*k + 3*o + 680 = 24. Calculate the highest common divisor of k and 23.
23
Suppose d = -5*h + 1602 + 1444, 2*h + 2*d - 1212 = 0. What is the highest common factor of 80 and h?
10
Suppose -162 = -13*l - 6*l + 332. Calculate the highest common divisor of l and 793.
13
Let f be (105/140)/(2/8). Let c be 717/9*f - 5. Calculate the greatest common factor of c and 18.
18
Let t = -186 + 189. Suppose g = 2, 2*w = -t*w - 5*g + 385. What is the highest common divisor of 45 and w?
15
Let h(v) = -136*v - 56. Let r be (-30)/50 - 3/((-15)/(-2)). Let z be h(r). What is the highest common factor of 30 and z?
10
Let t = 236 + -155. Let g be (-21)/(-28) + (-2)/(8/(-325)). Suppose -244 = -18*c - g. What is the greatest common factor of c and t?
9
Suppose 0 = 17*m - 19325 - 43026 - 20422. What is the greatest common factor of 9 and m?
9
Let k be (-90)/(-4)*(-11)/(33/(-94)). Suppose 9*d - k = -120. Suppose 5*a + 2*q - 132 = q, -4*a + 2*q = -100. Calculate the highest common divisor of a and d.
13
Suppose 231*y - 234*y = -441 - 471. Calculate the highest common divisor of 568 and y.
8
Suppose 2*k + 54 = 194. Suppose 3*t = -4*t - k. Let a(b) = -b**3 - 11*b**2 - 16*b - 11. Let n be a(t). What is the greatest common factor of 14 and n?
7
Let h(u) = 5*u**2 + 13*u - 30. Let c be h(16). Let q be (c/(-12))/(-2 - 13/(-8)). Calculate the greatest common divisor of q and 36.
36
Let x = -5863 - -6897. Calculate the highest common divisor of 22 and x.
22
Let p(h) = h**2 + 18*h + 67. Let u be ((-2)/1)/(18/9). Let x be 2*(-65)/(-10)*u. Let o be p(x). What is the greatest common factor of 46 and o?
2
Let t(d) = d**3 - 5*d**2 + 10*d + 7. Let k be t(8). Suppose -56 + 17 = -s - 2*a, 2*s - 82 = -5*a. Calculate the highest common divisor of k and s.
31
Let w = -3638 + 3678. Suppose -3*i + i + u = -8, 0 = 2*i - 2*u - 10. Let f be i/(-4) - (-70)/8. Calculate the greatest common divisor of w and f.
8
Let m = -2593 + 2689. Calculate the greatest common divisor of 4848 and m.
48
Let m = -8 - -16. Let n be (8/m)/(1/644). Suppose -3*h = 3*d + h - 496, 4*d + h = n. Calculate the highest common factor of d and 16.
16
Let c be ((-52)/130)/(2/(-1240)). Let u(h) = 23*h + 39. Let k be u(1). Calculate the highest common divisor of c and k.
62
Let x(y) = y**2 - 9*y - 296. Let g be x(-27). Calculate the greatest common divisor of 156 and g.
52
Suppose -b = -1, -m - 7 = 2*b - 19. Suppose 19*l = 16*l + 891. Let c = l + -272. What is the greatest common divisor of c and m?
5
Suppose -1514248 + 99592 = -96*w. Calculate the highest common factor of w and 48.
48
Suppose 3*t - u - 55 - 195 = 0, -t + 102 = -5*u. Calculate the greatest common divisor of 533 and t.
41
Suppose -173*m + 160*m = -663. Let j be (406/5)/(m/255). What is the greatest common factor of 14 and j?
14
Let s(b) = 6*b - 12. Let y = 21 + -19. Let x be 1/(-4)*y*-12. Let p be s(x). What is the greatest common factor of p and 36?
12
Let s be (-10 - 3) + 5 - -148. What is the highest common factor of s and 1030?
10
Let j(z) = z**3 - 5*z**2 + 8*z + 22. Let w be j(7). Suppose 0 = w*d - 178*d + 70. Let u be (-2)/(-3) + 80/6. Calculate the greatest common factor of u and d.
7
Let v be 0 - 10*2/(-1). Let s(l) = 5 + 53*l + 2*l**2 + 4 + 4. Let m be s(-27). What is the highest common divisor of m and v?
20
Let w = 36991 + -34475. What is the highest common divisor of 340 and w?
68
Suppose 77*x - 72*x - 18179 = -4*c, 2*x = 4*c - 18158. Calculate the greatest common divisor of 19 and c.
19
Suppose 0 = 2*m + 2 - 2. Suppose -3*l = -6, m*n + n + 3*l - 70 = 0. What is the highest common factor of 16 and n?
16
Suppose -123 = -3*i - 114. Suppose 150 = i*n - 4*k, -6 - 6 = 4*k. Calculate the highest common divisor of 253 and n.
23
Let a be 18722/275 - 4/50. Calculate the highest common divisor of a and 8160.
68
Let k = 8102 + -7834. What is the greatest common factor of 4556 and k?
268
Let f = -8189 - -9324. What is the greatest common divisor of f and 1589?
227
Suppose b - 2*t + 13 = 148, -b + 4*t + 137 = 0. What is the highest common divisor of b and 304?
19
Let a be 2*(9/12)/(6/20). Let j be 1230/50 - (-2)/a. What is the highest common divisor of j and 25?
25
Suppose 3*i - 5 - 1 = 0. Let q(f) = f**i + 4*f - 27 + 72 - 5*f - 2*f**2. Let k be q(0). What is the highest common factor of k and 18?
9
Let j(r) = -37*r + 13*r - 358 + 479. Let n be j(4). Calculate the greatest common factor of n and 45.
5
Let q = -268 + 503. Suppose 2*i = o + 6 - 41, 5*i - q = -5*o. What is the greatest common factor of o and 86?
43
Let s(l) = 11*l**2 + 97*l + 514. Let g be s(-5). What is the highest common factor of 88 and g?
8
Let u(j) = -2*j**3 + 14*j + 77. Let o be u(-9). Suppose 0 = -27*d + 913 + o. What is the highest common divisor of 215 and d?
43
Let i(r) = 2 - 18*r - r**3 + 6*r**2 + 34*r - 21*r. Let w be i(5). Suppose -a - w*t = -9, a - 5*t = 45 - 8. Calculate the highest common factor of 119 and a.
17
Suppose -519 - 181 = 2*u - k, 4*u = -5*k - 1400. Let i = u - -455. Calculate the greatest common factor of 120 and i.
15
Let f(w) = 2*w - 61. Suppose 3*y - y - 5*a = 64, -y + 2*a = -32. Let p be f(y). Calculate the greatest common factor of p and 13.
1
Suppose -2 = 2*s, 4*s + 5782 = 5*m - 15557. What is the greatest common divisor of m and 17?
17
Suppose 104*b - 101*b + 4*k - 190 = 0, b - 82 = -4*k. What is the highest common factor of b and 6?
6
Let n = 207 + 269. Calculate the highest common factor of n and 1547.
119
Suppose -t + 3*o + 138 = 0, -258*o = 2*t - 265*o - 273. Let h be 1 + (-3 - -2) + 3. What is the highest common divisor of t and h?
3
Suppose -106 = -4*a - 34. Suppose -4*i - 432 + 36 = 3*z, 4*i + z + 404 = 0. Let o = 129 + i. Calculate the highest common divisor of a and o.
9
Let j be (6/(-5))/(7 + 2260/(-750) + -4). What is the highest common divisor of 170 and j?
10
Let c be 6/(-9) + 20/12. Let w be c - 15/5 - -4. Suppose -2*a - 22 = -w*g - 0, -5*a = -g + 31. Calculate the highest common divisor of 15 and g.
3
Let p(z) = 62*z + 11. Let l be p(-1). Let k be (42/8)/(l/(-68)). What is the greatest common factor of 133 and k?
7
Suppose -23*y = -18 - 74. Let n(a) = 4*a**2 - 2*a + 4. Let g be n(2). Calculate the greatest common divisor of y and g.
4
Suppose 34*u = 36*u. Suppose u*d - 2*d = -4. Suppose -3*q + 12 = 5*w + d, -5*w - q + 20